23
Let h(z) = -3621*z + 800379. What is h(221)?
138
Let v(m) = -3*m**3 + 34*m**2 + 32*m - 92. What is v(13)?
-521
Let a(j) = -260*j + 1197. Calculate a(4).
157
Let r(s) = s**3 + 18*s**2 - 870*s - 3298. Determine r(24).
14
Let r(q) = -q**3 - 154*q**2 + 200*q + 6882. What is r(-155)?
-93
Let m(d) = 2*d**3 - 66*d**2 + 58*d + 91. Determine m(32).
-101
Let k(c) = 14665*c + 409. Determine k(0).
409
Let k(y) = -73153*y + 26481390. Determine k(362).
4
Let g(o) = -o**3 - 163*o**2 + 482*o - 3378. Calculate g(-166).
-722
Let q(p) = 87*p**2 + 992*p + 2727. Calculate q(-4).
151
Let f(g) = -36*g**3 - 1009*g**2 - 90*g - 1742. Give f(-28).
-6
Let z(a) = -62*a**3 + 3598*a**2 - 124*a + 199. What is z(58)?
-265
Let s(p) = -6617*p - 258101. Give s(-39).
-38
Let x(n) = 49*n**2 + 2418*n + 806. Give x(-49).
-27
Let d(h) = -8194*h - 57358. Give d(-7).
0
Let o(n) = -n**3 + 113*n**2 - 1113*n + 68. Give o(11).
167
Let w(b) = b**3 + 45*b**2 - 7470*b - 2271. Calculate w(67).
7
Let d(u) = 502*u + 50050. Calculate d(-91).
4368
Let f(w) = 1320*w - 1725. What is f(2)?
915
Let c(g) = -g**2 + 2751*g - 811323. Determine c(336).
117
Let l(g) = 7277*g + 14571. What is l(-2)?
17
Let r(i) = -1657*i - 117650. What is r(-71)?
-3
Let v(n) = 5157*n + 46386. Give v(-9).
-27
Let p(m) = 1258*m + 10067. Give p(-8).
3
Let g(k) = -282*k**3 - 1410*k**2 + 10*k + 49. What is g(-5)?
-1
Let n(r) = -r**3 - 7*r**2 + 28*r - 18. Determine n(-7).
-214
Let z(g) = g**3 - 367*g**2 + 1414*g - 117196. What is z(364)?
12
Let j(g) = 20935*g + 104729. Give j(-5).
54
Let h(n) = -n**3 - 56*n**2 - 297*n + 240. Give h(-50).
90
Let k(b) = 13971*b + 223597. Calculate k(-16).
61
Let m(h) = -h**3 - 5*h**2 - 229*h - 2349. What is m(-9)?
36
Let c(q) = -2841*q + 303996. What is c(107)?
9
Let k(o) = 23563*o - 400587. What is k(17)?
-16
Let k(i) = -22*i**2 - 159*i - 300. Calculate k(-4).
-16
Let m(j) = j**3 - 40*j**2 + 444*j - 1120. What is m(22)?
-64
Let q(n) = -n**2 + 25*n + 632. What is q(47)?
-402
Let z(o) = 208*o - 48686. Give z(234).
-14
Let q(l) = 18723*l + 542877. Give q(-29).
-90
Let i(n) = -38603*n + 1466907. What is i(38)?
-7
Let f(p) = -2*p**3 - 18*p**2 - 252*p - 2532. Calculate f(-9).
-264
Let o(q) = 2818*q + 1177924. Calculate o(-418).
0
Let b(r) = -15292*r - 229369. Calculate b(-15).
11
Let m(q) = -q**2 - 8039*q + 7. Calculate m(0).
7
Let f(b) = -5776*b - 2599264. Determine f(-450).
-64
Let f(x) = 113*x + 15211. What is f(-85)?
5606
Let u(x) = -3*x**2 + 465*x - 17366. Determine u(63).
22
Let k(u) = 6*u**3 + 30*u**2 + 45*u - 20. What is k(-7)?
-923
Let k(z) = 20*z**3 - 682*z**2 + 2348*z - 77507. What is k(34)?
13
Let b(a) = -a**3 - 66*a**2 - 211*a + 11917. Determine b(-59).
-1
Let h(o) = 4*o**2 + 5273*o - 738907. Calculate h(-1446).
-1
Let g(z) = -258*z + 2548. Give g(-5).
3838
Let s(q) = -q**3 - 9*q**2 + 60*q + 366. What is s(-12)?
78
Let g(k) = -185655*k - 928275. Calculate g(-5).
0
Let s(z) = -2*z**3 + 763*z**2 - 8145*z - 66. Give s(11).
0
Let b(s) = -s**2 + 1733*s + 13918. Determine b(-8).
-10
Let v(o) = 5818*o - 35043. Give v(6).
-135
Let h(k) = -8997*k - 54012. Calculate h(-6).
-30
Let d(t) = 6687*t + 782719. What is d(-117)?
340
Let j(a) = -10*a**2 + 11018*a + 99976. Calculate j(-9).
4
Let o(z) = z**2 + 539*z - 60244. Give o(95).
-14
Let g(w) = 387*w**3 - 388*w**2 - 5*w + 6. Determine g(1).
0
Let f(q) = q**3 - 12*q**2 - 164*q + 793. What is f(20)?
713
Let j(u) = 2265*u + 344266. What is j(-152)?
-14
Let c(g) = 12*g**2 + 47*g - 2635. What is c(-17)?
34
Let g(a) = a**3 - 44*a**2 + 78*a + 161. Give g(42).
-91
Let t(g) = -9*g**2 + 476*g - 2537. Calculate t(56).
-4105
Let q(r) = 30*r**2 - 2129*r - 41722. What is q(-16)?
22
Let n(k) = -k**3 + 238*k**2 + 7235*k - 1621192. Give n(240).
8
Let g(l) = l**3 + 607*l**2 + 4799*l + 4181. Calculate g(-599).
-12
Let t(x) = -1997*x - 57921. Calculate t(-29).
-8
Let l(m) = -57*m**2 + 3566*m + 511021. Give l(131).
-10
Let h(k) = -13*k**3 - 947*k**2 + 1110*k - 6. Determine h(-74).
-6
Let k(i) = -46243*i - 554921. Give k(-12).
-5
Let f(d) = -d**2 + 8267*d - 1305066. Calculate f(161).
0
Let s(q) = -2*q**3 - 22*q**2 - 10897*q - 97761. Determine s(-9).
-12
Let w(g) = -161*g + 19255. Give w(121).
-226
Let l(g) = -31*g**2 - 1369*g + 6815. Give l(5).
-805
Let g(q) = -151585*q + 23950442. What is g(158)?
12
Let f(y) = 6*y**3 + 64*y**2 - 143*y - 141. Give f(-13).
-648
Let a(r) = 54222*r - 325333. What is a(6)?
-1
Let p(n) = 3765*n - 2418. Calculate p(0).
-2418
Let q(w) = 3*w**3 - 52*w**2 + 1560*w - 28730. What is q(18)?
-2
Let r(f) = 27*f**2 - 3387*f + 6. Calculate r(125).
-1494
Let f(z) = -4*z**3 - z**2 - 4*z + 6. What is f(3)?
-123
Let m(s) = 9*s**2 - 668*s + 7587. Calculate m(14).
-1
Let t(b) = -b**3 + 309*b**2 + 570*b + 114185. Determine t(312).
-7
Let z(r) = -r**3 + 239*r**2 + 38395*r - 1746. What is z(349)?
-1
Let w(o) = -207*o + 32616. What is w(159)?
-297
Let r(y) = -4*y**3 - 849*y**2 - 330*y - 25027. Calculate r(-212).
-11
Let j(h) = -h**3 - 32*h**2 + 92*h + 815. Calculate j(-34).
-1
Let d(r) = 2*r**3 + 416*r**2 - 10*r - 1588. What is d(-208)?
492
Let h(t) = -19*t**3 + 538*t**2 + 2247*t - 224. Determine h(32).
0
Let y(d) = 377*d + 1464. Calculate y(-4).
-44
Let c(z) = -13*z**2 + 527*z + 505. What is c(37)?
2207
Let t(w) = -991*w - 21903. Give t(-22).
-101
Let r(y) = 6*y**3 + 292*y**2 - 127*y - 259. Determine r(-49).
1162
Let k(a) = a**2 - 370*a + 3383. Determine k(9).
134
Let r(j) = -237*j**2 + 13751*j - 236. Give r(58).
54
Let j(n) = n**2 + 57*n - 10517. Calculate j(-135).
13
Let n(h) = -66*h**2 - 635*h - 203. Calculate n(-8).
653
Let i(h) = 2*h**2 + 147*h + 801. Give i(-61).
-724
Let s(t) = 563*t + 16860. What is s(-30)?
-30
Let v(x) = 2064*x - 24803. Give v(12).
-35
Let a(k) = -k**3 + 894*k**2 - 57685*k + 334. Give a(70).
-16
Let s(l) = -33*l**3 + 191*l**2 - 251*l + 9. Determine s(2).
7
Let b(f) = -5*f**2 + 314*f - 786. Determine b(60).
54
Let l(i) = -12*i**3 + 214*i**2 + 850*i - 1086. Calculate l(21).
6
Let v(n) = 8*n**3 - 41*n**2 - 12162*n + 60827. Calculate v(5).
-8
Let y(r) = -8*r**3 - 123*r**2 + 26*r + 78. Calculate y(-16).
942
Let x(b) = -b**3 - 13*b**2 - 3102*b - 46866. What is x(-15)?
114
Let r(t) = 14*t**3 - 89*t**2 + 23*t + 10. Calculate r(9).
3214
Let i(p) = 10*p**2 - 1163*p + 2675. Give i(114).
53
Let z(r) = -3*r**3 - 922*r**2 + 570*r - 14168. Calculate z(-308).
0
Let a(x) = -3*x**2 - 529027*x - 1587078. Determine a(-3).
-24
Let q(s) = -444*s**2 - 1773*s - 10. What is q(-4)?
-22
Let o(s) = s**3 + 31*s**2 + 76*s + 1916. Determine o(-31).
-440
Let k(t) = -3*t + 3783. Give k(74).
3561
Let i(d) = -2*d**2 - 69*d + 3682. Determine i(-63).
91
Let x(c) = -3667*c + 245775. Calculate x(67).
86
Let b(z) = 146*z**3 + 11*z**2 + 33*z + 21. Determine b(-1).
-147
Let c(k) = 2*k**3 - k**2 - 27*k - 121. Determine c(-6).
-427
Let s(i) = 3004*i**2 + 72118*i + 533. Calculate s(-24).
5
Let a(z) = -z**2 - 17*z + 81. Give a(-17).
81
Let o(t) = -4*t**2 + 817*t + 5732. Give o(211).
35
Let n(o) = -o**3 - 71*o**2 - 258*o - 146. What is n(-67)?
-816
Let g(o) = 7*o**2 + 318*o - 4173. What is g(11)?
172
Let v(c) = c**2 - 3782*c - 160613. Determine v(-42).
-5
Let t(g) = 3*g**3 + 397*g**2 + 1311*g + 2715. Give t(-129).
6
Let r(a) = -60*a + 88. What is r(8)?
-392
Let w(d) = -8*d**3 + 366*d**2 + 23*d + 3. Calculate w(0).
3
Let r(c) = 5366*c - 236120. Determine r(44).
-16
Let i(b) = -29584*b + 1153928. What is i(39)?
152
Let t(z) = -z**3 - 60*z**2 - 105*z + 222. What is t(-58)?
-416
Let o(c) = c**2 - 177*c + 7856. What is o(84)?
44
Let l(q) = -3085*q - 64791. Give l(-21).
-6
Let h(k) = 6907*k + 524928. Give h(-76).
-4
Let l(y) = -186*y**3 + 18*y**2 + 10*y + 29. Give l(-2).
1569
Let r(p) = -258*p - 7968. Give r(-32).
288
Let t(r) = -74246*r + 668210. What is t(9)?
-4
Let u(j) = -1612*j - 409356. Give u(-254).
92
Let k(w) = -3149*w - 201476. Give k(-64).
60
Let l(g) = -5201*g - 353673. Calculate l(-68).
-5
Let c(x) = -x**3 - 7*x**2 + 70*x - 124. What is c(-13)?
-20
Let a(r) = 31*r**2 - 3028*r + 17191. Determine a(6).
139
Let j(f) = 4*f**2 - 1666*f - 8450. Determine j(-5).
-20
Let b(t) = 70*t**2 + 1332*t + 9269. Calculate b(-7).
3375
Let n(j) = -61*j**2 - 436*j - 4. Give n(-5).
651
Let z(a) = 2*a**3 - 335*a**2 + 1293*a - 304190. Determine z(169).
10
Let u(g) = g**3 - 72*g**2 + 1094*g + 3781.